 composite number?
False
Let c = 1 - 0. Suppose 2*x + 38 + c = -3*u, -4*x - u - 73 = 0. Is (3 + x)*39/(-9) prime?
False
Suppose 7 + 3 = -2*k. Let c = -7 - k. Is (-24)/(-3) + -3 - c a prime number?
True
Suppose u = -u + 7896. Let q be 1/4 - u/(-16). Suppose -2*y - l + q = -66, 2*l + 316 = 2*y. Is y a composite number?
False
Suppose 2 = -3*o + k - 2*k, 4*k = -o - 19. Let f be 6/(o - 3) + -1. Is 4/(f/(-35)) - 0 a composite number?
True
Suppose -9218 = -14*c + 2108. Is c a prime number?
True
Let a(k) = -k**3 - k + 145. Is a(0) a composite number?
True
Let i(y) = -y**3 - 4*y**2 - 3*y - 1. Let x(c) = c**3 - 4*c + 1. Let n(d) = -d**3 + 3*d. Let b(s) = 3*n(s) + 2*x(s). Let h be b(2). Is i(h) a composite number?
False
Suppose j = -4*o - 3, 3*o + 21 = 5*j - 10. Let a(m) = -m**3 + 2*m**2 + 4*m. Let z be a(-4). Suppose -k + j*q + z = 0, 4*k - q - 424 = -k. Is k composite?
True
Let u(s) be the third derivative of s**6/6 - s**4/12 + s**3/6 + 14*s**2. Let q(p) = -p**3 + 3*p**2 + 3*p + 5. Let b be q(4). Is u(b) a prime number?
True
Is ((-26)/(-39))/((-4)/(-2634)) a composite number?
False
Let u(y) = -44*y**2 + 4*y + 1. Let i(h) = 89*h**2 - 7*h - 2. Let k(v) = 4*i(v) + 7*u(v). Let a(s) = s**2 + 6*s + 6. Let z be a(-5). Is k(z) prime?
True
Let t = -2 + 4. Let x = -474 - -809. Suppose 7*i - t*i = x. Is i composite?
False
Let c be ((-4)/(-3))/1*102. Suppose 4*w - 3*u - u - c = 0, 2*u = -6. Is w a prime number?
True
Suppose 2*d = 3*d + 3*v + 1, -11 = -3*d + 5*v. Is 13 + (4 + -2 - d) a composite number?
False
Let n(f) be the second derivative of 40*f**4/3 + f**2/2 - f. Suppose -4*j = -4, 4*b = -3*j + 2 + 5. Is n(b) a prime number?
False
Suppose u + 2 = -0*u. Is u + ((-266)/2)/(-1) composite?
False
Suppose 83 = b - 2*b. Let p = 4 - b. Is p prime?
False
Let n be (103/(-3))/((-2)/(-12)). Is (n/3)/((-6)/9) a composite number?
False
Suppose 0 = -5*b - 2*o + 551, -617 + 69 = -5*b - o. Is b a composite number?
False
Let n be -10*(3 - (-17)/(-5)). Is 2*n/8*55 a prime number?
False
Is (-135)/(-4) - 6/8 composite?
True
Let u = -1 + -3. Let y = -8 - u. Let g = y + 11. Is g composite?
False
Suppose 197 = -5*w + 592. Is w a prime number?
True
Let w(x) = 7*x**3 - 4*x**2 + 2*x + 4. Let j be w(3). Suppose 117 = 5*z - j. Is (11/4)/(2/z) prime?
False
Let k = -4 + 4. Let q(r) = -r + 7. Is q(k) composite?
False
Suppose 0 = -4*u - 4*v + 44, u - 27 = -4*v - v. Is u a composite number?
False
Let q(c) = -c - 1. Let f(p) = -1 - 3 + 28*p + 1. Let d(j) = f(j) - 4*q(j). Is d(2) prime?
False
Suppose 4*o = 8*o - 16, -4*o = 5*f + 14. Let w = f + 89. Is w composite?
False
Suppose 5*d - 45 = 5*y, d + 24 = 2*d + 4*y. Suppose 3*j = -0*j - d. Is (-2)/((-1)/((-46)/j)) composite?
False
Suppose 0*s = 5*s - 5*q - 14425, 0 = -s - q + 2889. Is s a composite number?
False
Suppose -2*s + 0*u + 20 = 5*u, -2*u + 8 = -4*s. Let w = s - -2. Suppose -c + 149 = 2*c + w*v, 5*c - 4*v - 285 = 0. Is c a prime number?
True
Suppose 3*v = -3*f + 21, -2*v + f = -4*f + 14. Let x = 3 - v. Suppose x = k + 6 - 65. Is k a composite number?
False
Let q = -2 + 5. Suppose 0 = q*b + 3*u - 39, -2*u = -4*b + 3*u + 34. Is b prime?
True
Suppose 2*n - 18420 = -10*n. Is n a composite number?
True
Let v = 8 + -6. Suppose v*a - 9 = -3. Is a a composite number?
False
Suppose -5*o = -2*a - 16, -3*o = -0*o + 3*a + 3. Suppose o*p + 2*y + 3*y = 323, -3*p = 4*y - 467. Is p composite?
False
Is 2 - (-447 + 1 + -1) prime?
True
Let l = 10 + -15. Suppose 5*x - 4*x - 11 = 0. Let c = l + x. Is c prime?
False
Is ((-1076)/(-12))/(3/9) - 2 composite?
True
Is (-2 - 2290/(-6)) + (-2)/3 prime?
True
Suppose 5*d - 5466 = -d. Is d a composite number?
False
Let i = -366 - -631. Is i a prime number?
False
Is (1/(2/5))/((-2)/(-844)) prime?
False
Let o be 8 + -2 + -1 + -1. Suppose 255 = o*j + j. Suppose -2*c - 1 + j = 0. Is c a prime number?
False
Let n(t) = 13*t**3 - 2*t - 1. Let r be n(-1). Let w be 2/1*(-18)/r. Is (-3 + 4)*w + 55 a prime number?
False
Let c be (-12)/4 + 7 - 0. Suppose -2*q = c*x - 118, 3*x + 65 + 19 = q. Is q a prime number?
False
Let v be (-5 - -1)/((-2)/(-10)). Let f be (v/(-6))/(-2)*3. Is (24/20)/((-2)/f) composite?
False
Let x(m) = -m**3 + 13*m**2 + 4*m - 11. Is x(-10) prime?
False
Let k = 1 - -1. Suppose 0 = 4*i - g + 3*g - 228, 0 = -k*g + 8. Is i a composite number?
True
Suppose -632 = 2*x - 10*x. Is x prime?
True
Is (16 - 15) + (-808 + 0)/(-1) a prime number?
True
Let d(b) = 10*b**2 + 9*b + 19. Is d(-10) a composite number?
False
Suppose 0 = 3*l - 5*s - 139, 224 = 4*l + s + 2*s. Is l a composite number?
False
Suppose 4128 = 4*j + 2*j. Is (-3)/(-1) + j/2 prime?
True
Suppose -19 + 184 = 3*m. Is m prime?
False
Suppose 4*b + 5 + 7 = 0. Let s be ((-1)/b)/((-2)/6). Is (-1 - s) + (96 - -1) a prime number?
True
Let h be 334*(-3 + (-14)/(-4)). Let g = h + -116. Is g composite?
True
Let n(h) be the third derivative of h**7/840 + h**6/30 + h**5/20 - h**4/12 + h**3/6 + 2*h**2. Let t(g) be the first derivative of n(g). Is t(-11) prime?
True
Let v(o) = o + 13. Let k be v(-9). Suppose 287 = k*q - 3*q. Is q a prime number?
False
Suppose -2 = 2*q - 8. Let d(f) = -2*f**2 - 10*f + f + q + 4*f**2 + 0*f**2. Is d(6) prime?
False
Suppose -13*w - 24903 = -22*w. Is w a composite number?
False
Let o(g) = 10*g**2 - 2*g - 1. Let v = -3 - -5. Let a be v + -1 + -5 + 3. Is o(a) prime?
True
Suppose 0 = h - 4*q - 22, h + 3*q - 8 = -0*h. Suppose 12 = p + 3*z - h, -z = 2*p - 47. Is p composite?
False
Suppose 4*s - 145 - 301 = -2*d, -235 = -2*s - 5*d. Suppose c + c = s. Is c composite?
True
Let h(n) be the first derivative of -n**5/20 + n**4/12 + n**3/6 + n**2 + 4*n - 4. Let a(r) be the first derivative of h(r). Is a(-3) prime?
False
Suppose 0 = a + 3*a - 20. Suppose -160 = -a*c + 5*b, 0*b - 63 = -2*c + b. Is c prime?
True
Suppose 0 = 2*w - 8, 4*a + 3*w + 2 = 38. Is 103/2*a/3 composite?
False
Let r be -2*6/4*-5. Suppose -4*v - 18 = -3*o + 2*o, 0 = -5*o - 2*v + 2. Suppose -15 = -o*y + r. Is y a composite number?
True
Let x(i) = 37*i. Let t be x(1). Let f = t + 32. Is f a composite number?
True
Let j be -219 - (2 - (2 - 0)). Let d = -143 - j. Let u = d - 41. Is u prime?
False
Suppose -w + 0*w = -6. Suppose -w*c + 2*c - 8 = 0. Is 2*((-27)/(-6) - c) a composite number?
False
Let d(w) = 6*w**2 + w - 1. Is d(-6) prime?
False
Suppose 4*p - 5*p + 6 = 0. Let l be 6/(-15) + p/(-10). Is (-1 + -12 + 0)/l a composite number?
False
Suppose 2*i = 3*y + 1612, 4*y = 3*y + 2. Is i composite?
False
Let x = 102 - -41. Is x a composite number?
True
Suppose -2*l - 12887 - 1236 = -3*q, -4*l = -20. Is q a prime number?
False
Let i be (28/5)/((-3)/(-15)). Let t(s) = 7*s + 1. Let d be t(4). Suppose i + d = 3*q. Is q prime?
True
Let x(b) = b**2 - 8*b + 6. Let r be x(6). Let z(w) = w**3 + 7*w**2 + 8*w + 6. Let i be z(r). Is i/4*1*-6 composite?
True
Let t(n) = 185*n + 10. Let y(i) = 2 + 0 + 29*i + 8*i. Let a(k) = 2*t(k) - 11*y(k). Is a(-3) a composite number?
False
Suppose -18 = -4*o - 2*g, -4*g = -4*o - 0 - 12. Let y = -5 + 10. Suppose y*x - o*x = 105. Is x a prime number?
False
Suppose 3*n - l = 1399, -n - l = -282 - 187. Suppose 4*h - 1471 = -n. Is h a composite number?
False
Let h be 0 + (-1 + 1)*-1. Let w(o) = -o**3 - o**2 - 1. Let r be w(h). Is (r - -2)*(1 - -30) a composite number?
False
Suppose 98*h - 1598 = 96*h. Is h a prime number?
False
Let k be ((-2)/(-3))/(1/3). Let h be (-1 - 0) + k + -1. Suppose h = -y - 2 + 6. Is y a composite number?
True
Let b = -3496 + 6170. Is 3/5 + b/35 a composite number?
True
Let m = -11 + 44. Is m composite?
True
Let p(o) = o**2 - 3*o + 5. Let c be p(6). Suppose -u = 2*y - 6*u + 14, 0 = -5*y - 2*u + c. Let g = 24 - y. Is g a prime number?
False
Let a(x) = 57*x + 8. Is a(11) composite?
True
Suppose i = -0*i + 3. Suppose -2*n - i = -33. Suppose 0*m - n = -m. Is m prime?
False
Let m = -1 - -4. Is m composite?
False
Suppose 5*i - 42 = 4*g, -g - 4*g - 15 = 0. Is i prime?
False
Suppose -i - 114 = -538. Suppose -6*r + r + 4*a + 704 = 0, 3*r - i = 2*a. Suppose 4*m - 70 = -n, -2*n - 2*m + r = 2*m. Is n composite?
True
Suppose -849 = 3*f + k, -k - k = 0. Let z = -20 - f. Let i = z + -100. Is i prime?
True
Suppose -7 = -16*v + 15*v. Let n(b) = -b**3 + 4*b**2 + 4*b + 6. Let h(w) = -w**3 + 3*w**2 + 4*w + 6. Let g(j) = -4*h(j) + 5*n(j). Is g(v) a composite number?
False